24
What is the remainder when 1562 is divided by 215?
57
What is the remainder when 23895 is divided by 30?
15
Calculate the remainder when 16647 is divided by 23.
18
Calculate the remainder when 4543 is divided by 4524.
19
Calculate the remainder when 147678 is divided by 4610.
158
What is the remainder when 293023 is divided by 30?
13
What is the remainder when 57565 is divided by 224?
221
What is the remainder when 513166 is divided by 85526?
10
What is the remainder when 116652 is divided by 92?
88
Calculate the remainder when 3484180 is divided by 1161389.
13
What is the remainder when 365586 is divided by 54?
6
What is the remainder when 185002 is divided by 91?
90
Calculate the remainder when 18577 is divided by 163.
158
Calculate the remainder when 7162 is divided by 77.
1
What is the remainder when 807 is divided by 124?
63
Calculate the remainder when 367084 is divided by 78.
16
What is the remainder when 61546 is divided by 61546?
0
Calculate the remainder when 80646 is divided by 41.
40
Calculate the remainder when 4805 is divided by 6.
5
What is the remainder when 36278 is divided by 71?
68
Calculate the remainder when 3018 is divided by 885.
363
What is the remainder when 7976 is divided by 36?
20
Calculate the remainder when 202920 is divided by 7.
4
What is the remainder when 864 is divided by 351?
162
Calculate the remainder when 332 is divided by 9.
8
Calculate the remainder when 51558 is divided by 25.
8
What is the remainder when 19213 is divided by 2378?
189
What is the remainder when 38510 is divided by 29?
27
What is the remainder when 159107 is divided by 132?
47
What is the remainder when 1005 is divided by 55?
15
What is the remainder when 1184 is divided by 614?
570
Calculate the remainder when 6910 is divided by 306.
178
What is the remainder when 659059 is divided by 89?
14
Calculate the remainder when 15858 is divided by 7898.
62
What is the remainder when 1431 is divided by 25?
6
What is the remainder when 2233 is divided by 1996?
237
Calculate the remainder when 336732 is divided by 24051.
18
Calculate the remainder when 394 is divided by 188.
18
Calculate the remainder when 11060 is divided by 96.
20
Calculate the remainder when 17516 is divided by 50.
16
Calculate the remainder when 5563 is divided by 22.
19
Calculate the remainder when 4500 is divided by 746.
24
Calculate the remainder when 47188 is divided by 13.
11
What is the remainder when 562253 is divided by 2?
1
What is the remainder when 17140 is divided by 79?
76
What is the remainder when 635607 is divided by 211866?
9
What is the remainder when 981 is divided by 135?
36
Calculate the remainder when 4684 is divided by 540.
364
What is the remainder when 112941 is divided by 208?
205
What is the remainder when 418666 is divided by 257?
13
Calculate the remainder when 133858 is divided by 20.
18
Calculate the remainder when 9115 is divided by 78.
67
Calculate the remainder when 4853 is divided by 441.
2
What is the remainder when 61175 is divided by 523?
507
What is the remainder when 1433 is divided by 160?
153
What is the remainder when 204431 is divided by 4?
3
Calculate the remainder when 399597 is divided by 23505.
12
Calculate the remainder when 271409 is divided by 4.
1
Calculate the remainder when 59601 is divided by 291.
237
What is the remainder when 1264716 is divided by 16?
12
Calculate the remainder when 21073 is divided by 4199.
78
What is the remainder when 20747 is divided by 451?
1
What is the remainder when 215739 is divided by 36?
27
What is the remainder when 8356 is divided by 6?
4
Calculate the remainder when 433 is divided by 151.
131
Calculate the remainder when 425522 is divided by 19.
17
What is the remainder when 2885 is divided by 220?
25
Calculate the remainder when 29218 is divided by 1246.
560
What is the remainder when 12412926 is divided by 304?
302
Calculate the remainder when 5046 is divided by 5040.
6
What is the remainder when 224 is divided by 50?
24
What is the remainder when 15166 is divided by 2226?
1810
Calculate the remainder when 714 is divided by 137.
29
What is the remainder when 95365 is divided by 95305?
60
Calculate the remainder when 35749 is divided by 82.
79
What is the remainder when 35103 is divided by 17501?
101
What is the remainder when 293849 is divided by 13?
10
What is the remainder when 9810 is divided by 39?
21
Calculate the remainder when 2945 is divided by 129.
107
Calculate the remainder when 90992 is divided by 10110.
2
Calculate the remainder when 6015 is divided by 1001.
9
Calculate the remainder when 16908 is divided by 604.
600
Calculate the remainder when 21145 is divided by 42.
19
Calculate the remainder when 69810 is divided by 892.
234
What is the remainder when 11535 is divided by 38?
21
What is the remainder when 1154858 is divided by 577426?
6
Calculate the remainder when 45262 is divided by 4.
2
Calculate the remainder when 1401710 is divided by 774.
770
Calculate the remainder when 3902 is divided by 389.
12
Calculate the remainder when 916 is divided by 754.
162
What is the remainder when 39494 is divided by 1097?
2
What is the remainder when 6145 is divided by 513?
502
What is the remainder when 17469 is divided by 194?
9
What is the remainder when 5612 is divided by 2245?
1122
What is the remainder when 1702 is divided by 841?
20
Calculate the remainder when 1839 is divided by 31.
10
Calculate the remainder when 4480 is divided by 286.
190
What is the remainder when 15633 is divided by 15627?
6
What is the remainder when 651496 is divided by 77?
76
Calculate the remainder when 52909 is divided by 2645.
9
Calculate the remainder when 7390 is divided by 59.
15
What is the remainder when 2867 is divided by 940?
47
What is the remainder when 2713 is divided by 307?
257
What is the remainder when 559298 is divided by 140?
138
Calculate the remainder when 103387 is divided by 1754.
1655
What is the remainder when 3889 is divided by 553?
18
Calculate the remainder when 4485 is divided by 52.
13
What is the remainder when 43260 is divided by 8644?
40
Calculate the remainder when 7458 is divided by 2484.
6
What is the remainder when 43149 is divided by 14353?
90
Calculate the remainder when 253 is divided by 42.
1
Calculate the remainder when 193433 is divided by 3.
2
Calculate the remainder when 5538 is divided by 408.
234
Calculate the remainder when 17744 is divided by 116.
112
What is the remainder when 115124 is divided by 115061?
63
Calculate the remainder when 109066 is divided by 366.
364
What is the remainder when 99055 is divided by 60?
55
Calculate the remainder when 27745 is divided by 64.
33
What is the remainder when 493666 is divided by 34?
20
Calculate the remainder when 7985 is divided by 1994.
9
What is the remainder when 473950 is divided by 32?
30
Calculate the remainder when 544477 is divided by 103.
19
Calculate the remainder when 170564 is divided by 207.
203
What is the remainder when 200439 is divided by 4?
3
What is the remainder when 185439 is divided by 608?
607
Calculate the remainder when 3780 is divided by 224.
196
Calculate the remainder when 10481 is divided by 93.
65
What is the remainder when 1438 is divided by 290?
278
What is the remainder when 3191 is divided by 543?
476
What is the remainder when 7302 is divided by 359?
122
Calculate the remainder when 183 is divided by 125.
58
Calculate the remainder when 20061 is divided by 59.
1
What is the remainder when 908 is divided by 515?
393
What is the remainder when 687 is divided by 237?
213
What is the remainder when 1115 is divided by 185?
5
What is the remainder when 16435 is divided by 8196?
43
Calculate the remainder when 12007 is divided by 3805.
592
Calculate the remainder when 6230 is divided by 100.
30
What is the remainder when 3707 is divided by 9?
8
Calculate the remainder when 3221 is divided by 1015.
176
What is the remainder when 131429 is divided by 65710?
9
Calculate the remainder when 18763 is divided by 276.
271
What is the remainder when 341323 is divided by 7757?
15
Calculate the remainder when 22948 is divided by 25.
23
What is the remainder when 18850 is divided by 14?
6
Calculate the remainder when 17565 is divided by 439.
5
What is the remainder when 31517 is divide